at is -1405354 (base 7) in base 14?
-4c0d4
What is 10062558 (base 9) in base 5?
2213334001
What is 5121637 (base 11) in base 14?
12b8295
Convert 21012033 (base 5) to base 9.
282884
What is -14826 (base 12) in base 15?
-8820
240a0a9 (base 12) to base 2
11010101001010000000001
6b7818 (base 12) to base 11
a85058
1401367 (base 9) to base 5
144044140
Convert 268729 (base 10) to base 13.
95416
What is -8641a6 (base 14) in base 12?
-1631a46
What is 111101110011111010 (base 2) in base 11?
163242
What is 112320133 (base 4) in base 14?
2622b
-129236 (base 16) to base 11
-761455
Convert 10326b (base 14) to base 4.
2011123233
Convert -502125 (base 6) to base 2.
-1001100111000101
1253147 (base 8) to base 7
2654552
What is 6d256 (base 14) in base 10?
266636
-1010033001 (base 4) to base 8
-1041701
Convert 1001000010000110110001011 (base 2) to base 16.
1210d8b
Convert -173203 (base 14) to base 5.
-202042423
-1220100100 (base 3) to base 14
-d8d9
What is -10100100010101001001000 (base 2) in base 8?
-24425110
What is -58185 (base 16) in base 12?
-154999
What is -247123 (base 8) in base 13?
-2cc58
What is -352021 (base 9) in base 14?
-570a1
What is -1024123310 (base 5) in base 14?
-40938d
What is 53544143 (base 6) in base 11?
992621
-13203203011 (base 4) to base 6
-110241301
What is 40203300 (base 7) in base 14?
629270
What is 3e7c9 (base 15) in base 7?
1464453
What is 13410473 (base 8) in base 7?
34442642
1131330 (base 6) to base 9
88420
Convert a21372 (base 11) to base 12.
671b91
Convert -5763763 (base 8) to base 15.
-20e322
What is 17869 (base 16) in base 11?
66441
Convert 103411516 (base 7) to base 10.
6187978
What is 8519e8 (base 15) in base 14?
bac303
What is -6105575 (base 8) in base 11?
-9a95aa
-32735876 (base 9) to base 11
-8a457a3
-2a86e (base 16) to base 13
-61393
Convert -a9780 (base 11) to base 7.
-1232334
What is 3d6d80 (base 14) in base 16?
208824
What is -1100010110001011101 (base 2) in base 5?
-100421243
-6388083 (base 9) to base 5
-1334033223
Convert -96aa2 (base 15) to base 13.
-139907
What is -100202323 (base 4) in base 5?
-4132041
Convert 10630075 (base 8) to base 7.
25413231
Convert -12211014 (base 5) to base 12.
-57428
Convert -654578 (base 10) to base 6.
-22010242
-ab26a (base 13) to base 16
-4bbbb
Convert 1554179 (base 15) to base 10.
15454464
What is 7c75c (base 14) in base 10?
303294
Convert 4126036 (base 7) to base 14.
cc1c6
Convert -42174 (base 8) to base 10.
-17532
What is -78ac1 (base 13) in base 4?
-311203112
71d6a (base 14) to base 4
1002331322
Convert -755cc (base 13) to base 8.
-635725
-3774 (base 10) to base 12
-2226
What is 116534 (base 8) in base 14?
10976
Convert 7066 (base 16) to base 13.
10135
Convert 202121220110 (base 3) to base 6.
12411320
-48aba9 (base 12) to base 16
-120231
What is 142202420 (base 5) in base 2?
10110100111001111001
What is -98451a (base 11) in base 5?
-400310122
-e2ebd (base 15) to base 14
-149d6c
8923 (base 10) to base 13
40a5
Convert 12022000202 (base 3) to base 12.
5040b
What is 24a3 (base 12) in base 10?
4155
-12a4a4 (base 14) to base 10
-643024
-11115035 (base 6) to base 9
-562855
-a5066 (base 11) to base 8
-453061
-1aa3271 (base 11) to base 7
-42012456
What is -191567 (base 15) in base 4?
-10221300031
Convert -3204453 (base 7) to base 13.
-1078b0
7137196 (base 11) to base 13
27c917a
What is -1210113110 (base 4) in base 6?
-12451112
Convert -230653426 (base 7) to base 8.
-65657023
Convert -4bd94 (base 16) to base 7.
-2432522
What is -2133131133 (base 5) in base 2?
-10001011110111101111101
1a747 (base 11) to base 7
150052
What is b283 (base 13) in base 11?
17545
321125324 (base 6) to base 16
565174
Convert 2144402 (base 5) to base 9.
56361
-100110100000110010110 (base 2) to base 15
-19ddb9
-1003310132033 (base 4) to base 15
-1862ad5
-dd25ab (base 14) to base 5
-3404411424
2251555 (base 6) to base 13
4090a
What is 21660666 (base 7) in base 11?
1074797
Convert -22011533 (base 6) to base 9.
-1207313
-134bb6 (base 14) to base 16
-a2afc
What is -766025 (base 10) in base 5?
-144003100
Convert 2303212230 (base 4) to base 6.
23433500
Convert 156a390 (base 12) to base 16.
42b79c
-13047735 (base 8) to base 6
-142124325
Convert -d2e52 (base 16) to base 9.
-1555846
What is -2762b (base 12) in base 4?
-31103003
Convert -53b632 (base 16) to base 5.
-2401024010
Convert 230312101032 (base 4) to base 7.
201633603
Convert -111202210111 (base 3) to base 2.
-1000010001010111111
What is -110110000101 (base 2) in base 9?
-4665
665552 (base 8) to base 13
7b00c
1006534 (base 8) to base 16
40d5c
-11c0ca7 (base 14) to base 4
-200202232203
a8113 (base 11) to base 2
100110011000001001
Convert -1253515 (base 7) to base 15.
-33b54
What is -111110101 (base 2) in base 16?
-1f5
3201033 (base 5) to base 3
2201001220
Convert -35552462 (base 8) to base 9.
-15578800
What is 45504612 (base 7) in base 11?
2270349
a2529 (base 14) to base 11
247570
-2647656 (base 10) to base 12
-a78260
What is -7646757 (base 8) in base 15?
-2a7d12
Convert -2281b (base 16) to base 4.
-202200123
Convert -1c284 (base 16) to base 4.
-130022010
Convert -21010021100122 (base 3) to base 6.
-213040455
Convert 3042266 (base 7) to base 6.
11442155
What is 210130 (base 5) in base 3?
100111010
-a9292 (base 12) to base 14
-5b54a
What is -36d6d4 (base 14) in base 15?
-272502
What is -5015741 (base 8) in base 9?
-2427675
Convert -1431203 (base 6) to base 16.
-14013
Convert -25105310 (base 6) to base 7.
-6550356
2162fa (base 16) to base 5
1030004101
What is -200411503 (base 6) in base 4?
-30330020133
What is 13512554 (base 6) in base 12?
1a275a
10096 (base 16) to base 9
110084
Convert 357381 (base 9) to base 12.
a4777
What is -1222122100202 (base 3) in base 14?
-1d6b03
-666705 (base 11) to base 8
-4034116
937291 (base 13) to base 9
6427107
111000010011001011 (base 2) to base 16
384cb
-2010630 (base 7) to base 12
-b58a6
What is -14c86c8 (base 13) in base 3?
-110120001021110
Convert -336071 (base 8) to base 16.
-1bc39
What is -1211112001002 (base 3) in base 6?
-32520302
What is -518ae (base 16) in base 7?
-2560520
What is -89833 (base 12) in base 16?
-2c967
What is 110000100011000010111 (base 2) in base 8?
6043027
What is 1305043 (base 8) in base 6?
11440431
460566 (base 8) to base 11
a7249
What is 123232221130 (base 4) in base 15?
988b71
Convert 716723 (base 9) to base 3.
210120210210
-7e791 (base 15) to base 2
-1100010011110001000
Convert 10101010001011011010101 (base 2) to base 12.
1a4b105
20b16 (base 15) to base 3
12021022110
156bbb2 (base 12) to base 11
2519243
-44020 (base 12) to base 4
-111330120
Convert -148cc (base 14) to base 9.
-77132
What is -c0594 (base 13) in base 4?
-1103322102
Convert -20719b (base 12) to base 2.
-1111100100001000111
122032120 (base 4) to base 8
321630
Convert 104603 (base 8) to base 16.
8983
Convert -3d715 (base 15) to base 14.
-51cc1
What is -120141430 (base 5) in base 14?
-105616
-9a9262 (base 16) to base 9
-21048685
-345525022 (base 6) to base 11
-36a531a
What is 13110151 (base 6) in base 12?
188357
What is 621126 (base 7) in base 10?
106056
-20365364 (base 7) to base 2
-110100010011010011101
What is -23280 (base 16) in base 13?
-5070c
b34cc7 (base 13) to base 10
4180885
What is 233044042 (base 5) in base 13?
2b3cb3
Convert a101a2 (base 14) to base 13.
117882b
Convert 662220 (base 9) to base 8.
1404042
Convert -1000011101010010000000010 (base 2) to base 14.
-24d9b58
25b671 (base 13) to base 8
3362510
Convert 6c9b59 (base 13) to base 6.
131320524
11100100001001101 (base 2) to base 16
1c84d
Convert 22033313 (base 5) to base 6.
4022505
Convert -e9f6c9 (base 16) to base 8.
-72373311
Convert -101011000001110101010 (base 2) to base 15.
-1ccb77
What is 2a9134a (base 11) in base 2?
10100001010110011101101
Convert 11023232 (base 6) to base 4.
1100203010
Convert -222a556 (base 11) to base 9.
-7316377
What is -12113110012 (base 4) in base 11?
-a3a50a
Convert -203012030 (base 4) to base 12.
-6b238
Convert 5a891 (base 12) to base 13.
43828
What is 462851 (base 9) in base 6?
5541414
What is 45d802 (base 14) in base 8?
11051512
What is 2377104 (base 8) in base 3?
1020021101011
Convert -1105525 (base 7) to base 9.
-227134
Convert -341551113 (base 6) to base 12.
-2115499
What is -53108 (base 11) in base 12?
-388bb
-122021013 (base 4) to base 14
-2